{"id":645,"date":"2015-08-28T11:21:57","date_gmt":"2015-08-28T09:21:57","guid":{"rendered":"http:\/\/www.highpressure.be\/?page_id=645"},"modified":"2015-08-28T17:46:48","modified_gmt":"2015-08-28T15:46:48","slug":"incendie","status":"publish","type":"page","link":"https:\/\/www.highpressure.be\/?page_id=645&lang=fr","title":{"rendered":"Incendie"},"content":{"rendered":"<p>La brumisation haute pression est utilis\u00e9e pour la protection incendie. Le brouillard haute pression a un fort pouvoir d&rsquo;absorption \u00e9nerg\u00e9tique (2 MJ\/kg d&rsquo;eau).<\/p>\n<p>Le brouillard haute pression :<br \/>\n> permet d&rsquo;\u00e9touffer un d\u00e9part de feu.<br \/>\n> absorbe le rayonnement du foyer pour \u00e9viter la propagation de l&rsquo;incendie de proche en proche.<br \/>\n> lave les poussi\u00e8res et les \u00e9manations toxiques.<br \/>\n> utilise moins d&rsquo;eau qu&rsquo;un syst\u00e8me Sprinkler classique et r\u00e9duit les d\u00e9g\u00e2ts des eaux.<br \/>\n> r\u00e9duit fortement les risques d&rsquo;explosion et de backdraft.<br \/>\nNos installations r\u00e9pondent \u00e0 la norme Cent 13792.<\/p>\n","protected":false},"excerpt":{"rendered":"<p>La brumisation haute pression est utilis\u00e9e pour la protection incendie. Le brouillard haute pression a un fort pouvoir d&rsquo;absorption \u00e9nerg\u00e9tique (2 MJ\/kg d&rsquo;eau). Le brouillard &hellip;<\/p>\n","protected":false},"author":1,"featured_media":0,"parent":0,"menu_order":0,"comment_status":"closed","ping_status":"closed","template":"","meta":{"footnotes":""},"class_list":["post-645","page","type-page","status-publish","hentry"],"_links":{"self":[{"href":"https:\/\/www.highpressure.be\/index.php?rest_route=\/wp\/v2\/pages\/645","targetHints":{"allow":["GET"]}}],"collection":[{"href":"https:\/\/www.highpressure.be\/index.php?rest_route=\/wp\/v2\/pages"}],"about":[{"href":"https:\/\/www.highpressure.be\/index.php?rest_route=\/wp\/v2\/types\/page"}],"author":[{"embeddable":true,"href":"https:\/\/www.highpressure.be\/index.php?rest_route=\/wp\/v2\/users\/1"}],"replies":[{"embeddable":true,"href":"https:\/\/www.highpressure.be\/index.php?rest_route=%2Fwp%2Fv2%2Fcomments&post=645"}],"version-history":[{"count":1,"href":"https:\/\/www.highpressure.be\/index.php?rest_route=\/wp\/v2\/pages\/645\/revisions"}],"predecessor-version":[{"id":646,"href":"https:\/\/www.highpressure.be\/index.php?rest_route=\/wp\/v2\/pages\/645\/revisions\/646"}],"wp:attachment":[{"href":"https:\/\/www.highpressure.be\/index.php?rest_route=%2Fwp%2Fv2%2Fmedia&parent=645"}],"curies":[{"name":"wp","href":"https:\/\/api.w.org\/{rel}","templated":true}]}}